{"id":56,"date":"2024-06-10T15:08:02","date_gmt":"2024-06-10T13:08:02","guid":{"rendered":"http:\/\/ecofolr.cluster030.hosting.ovh.net\/?page_id=56"},"modified":"2024-10-17T16:22:29","modified_gmt":"2024-10-17T14:22:29","slug":"histoire","status":"publish","type":"page","link":"https:\/\/www.ecofolies.fr\/index.php\/histoire\/","title":{"rendered":"Notre Histoire"},"content":{"rendered":"\t\t<div data-elementor-type=\"wp-page\" data-elementor-id=\"56\" class=\"elementor elementor-56\" data-elementor-post-type=\"page\">\n\t\t\t\t<div class=\"elementor-element elementor-element-d559fa3 e-grid e-con-boxed e-con e-parent\" data-id=\"d559fa3\" data-element_type=\"container\" data-e-type=\"container\">\n\t\t\t\t\t<div class=\"e-con-inner\">\n\t\t<div class=\"elementor-element elementor-element-75aa35f e-con-full e-flex e-con e-child\" data-id=\"75aa35f\" data-element_type=\"container\" data-e-type=\"container\">\n\t\t\t\t<div class=\"elementor-element elementor-element-b99ade4 elementor-widget elementor-widget-heading\" data-id=\"b99ade4\" data-element_type=\"widget\" data-e-type=\"widget\" data-widget_type=\"heading.default\">\n\t\t\t\t<div class=\"elementor-widget-container\">\n\t\t\t\t\t<h3 class=\"elementor-heading-title elementor-size-default\">L'origine<\/h3>\t\t\t\t<\/div>\n\t\t\t\t<\/div>\n\t\t\t\t<div class=\"elementor-element elementor-element-c8822a5 elementor-widget elementor-widget-text-editor\" data-id=\"c8822a5\" data-element_type=\"widget\" data-e-type=\"widget\" data-widget_type=\"text-editor.default\">\n\t\t\t\t<div class=\"elementor-widget-container\">\n\t\t\t\t\t\t\t\t\t<p>A l\u2019origine du projet, nous \u00e9tions 5, voulant travailler ensemble sur un m\u00eame lieu dans le pays de Retz et accompagner les transitions en agriculture, en alimentation et en sant\u00e9. Nous cherchions un site pouvant accueillir une cantine, un jardin agro\u00e9cologique, un espace sant\u00e9 et de formation.<\/p>\t\t\t\t\t\t\t\t<\/div>\n\t\t\t\t<\/div>\n\t\t\t\t<div class=\"elementor-element elementor-element-925c9b7 elementor-widget elementor-widget-heading\" data-id=\"925c9b7\" data-element_type=\"widget\" data-e-type=\"widget\" data-widget_type=\"heading.default\">\n\t\t\t\t<div class=\"elementor-widget-container\">\n\t\t\t\t\t<h3 class=\"elementor-heading-title elementor-size-default\">9 hectares bio<\/h3>\t\t\t\t<\/div>\n\t\t\t\t<\/div>\n\t\t\t\t<div class=\"elementor-element elementor-element-356b49c elementor-widget elementor-widget-text-editor\" data-id=\"356b49c\" data-element_type=\"widget\" data-e-type=\"widget\" data-widget_type=\"text-editor.default\">\n\t\t\t\t<div class=\"elementor-widget-container\">\n\t\t\t\t\t\t\t\t\t<p class=\"odefaultsnippettext\">Apr\u00e8s 3 ans de recherche, une exploitation en mara\u00eechage Bio depuis 30 ans a attir\u00e9 notre attention. Nous avons \u00e9t\u00e9 s\u00e9duit par le potentiel du site : 9 hectares bio, connect\u00e9 au bourg de Sainte-Pazanne, un plan d\u2019eau, un magasin bio sur place anim\u00e9 par une \u00e9quipe exp\u00e9riment\u00e9e\u2026<\/p><div>\u00a0<\/div>\t\t\t\t\t\t\t\t<\/div>\n\t\t\t\t<\/div>\n\t\t\t\t<div class=\"elementor-element elementor-element-ae3df95 elementor-widget elementor-widget-heading\" data-id=\"ae3df95\" data-element_type=\"widget\" data-e-type=\"widget\" data-widget_type=\"heading.default\">\n\t\t\t\t<div class=\"elementor-widget-container\">\n\t\t\t\t\t<h3 class=\"elementor-heading-title elementor-size-default\">Aujourd'hui<\/h3>\t\t\t\t<\/div>\n\t\t\t\t<\/div>\n\t\t\t\t<div class=\"elementor-element elementor-element-3a978e4 elementor-widget elementor-widget-text-editor\" data-id=\"3a978e4\" data-element_type=\"widget\" data-e-type=\"widget\" data-widget_type=\"text-editor.default\">\n\t\t\t\t<div class=\"elementor-widget-container\">\n\t\t\t\t\t\t\t\t\t<p>Le contexte \u00e9conomique et la gouvernance ont \u00e9t\u00e9 mis \u00e0 mal. En 2023, le magasin Au jardin Bioretz a ferm\u00e9 d\u00e9finitivement ses portes. Un membre associ\u00e9 a quitt\u00e9 l\u2019aventure. A ce jour, deux march\u00e9s \u00e0 la ferme sont propos\u00e9s (mercredi apr\u00e8s-midi et samedi matin) plus les march\u00e9s sur le territoire. Le tiers-lieu a investi l\u2019ancien magasin et l\u2019a transform\u00e9 en salle de s\u00e9minaire, formation, \u00e9v\u00e8nementiel.<\/p>\t\t\t\t\t\t\t\t<\/div>\n\t\t\t\t<\/div>\n\t\t\t\t<\/div>\n\t\t<div class=\"elementor-element elementor-element-d924406 e-con-full e-flex e-con e-child\" data-id=\"d924406\" data-element_type=\"container\" data-e-type=\"container\">\n\t\t\t\t<div class=\"elementor-element elementor-element-a70fdb3 elementor-widget elementor-widget-image\" data-id=\"a70fdb3\" data-element_type=\"widget\" data-e-type=\"widget\" data-widget_type=\"image.default\">\n\t\t\t\t<div class=\"elementor-widget-container\">\n\t\t\t\t\t\t\t\t\t\t\t\t\t\t\t<img fetchpriority=\"high\" decoding=\"async\" width=\"8269\" height=\"11693\" src=\"https:\/\/www.ecofolies.fr\/wp-content\/uploads\/2024\/07\/frise-retenue.png\" class=\"attachment-full size-full wp-image-468\" alt=\"\" srcset=\"https:\/\/www.ecofolies.fr\/wp-content\/uploads\/2024\/07\/frise-retenue.png 8269w, https:\/\/www.ecofolies.fr\/wp-content\/uploads\/2024\/07\/frise-retenue-212x300.png 212w, https:\/\/www.ecofolies.fr\/wp-content\/uploads\/2024\/07\/frise-retenue-724x1024.png 724w, https:\/\/www.ecofolies.fr\/wp-content\/uploads\/2024\/07\/frise-retenue-768x1086.png 768w, https:\/\/www.ecofolies.fr\/wp-content\/uploads\/2024\/07\/frise-retenue-1086x1536.png 1086w, https:\/\/www.ecofolies.fr\/wp-content\/uploads\/2024\/07\/frise-retenue-1448x2048.png 1448w\" sizes=\"(max-width: 8269px) 100vw, 8269px\" \/>\t\t\t\t\t\t\t\t\t\t\t\t\t\t\t<\/div>\n\t\t\t\t<\/div>\n\t\t\t\t<\/div>\n\t\t<div class=\"elementor-element elementor-element-7e3cd58 e-con-full e-flex e-con e-child\" data-id=\"7e3cd58\" data-element_type=\"container\" data-e-type=\"container\">\n\t\t\t\t<div class=\"elementor-element elementor-element-671496e elementor-widget elementor-widget-heading\" data-id=\"671496e\" data-element_type=\"widget\" data-e-type=\"widget\" data-widget_type=\"heading.default\">\n\t\t\t\t<div class=\"elementor-widget-container\">\n\t\t\t\t\t<h3 class=\"elementor-heading-title elementor-size-default\">Ecofolies<\/h3>\t\t\t\t<\/div>\n\t\t\t\t<\/div>\n\t\t\t\t<div class=\"elementor-element elementor-element-1df0186 elementor-widget elementor-widget-text-editor\" data-id=\"1df0186\" data-element_type=\"widget\" data-e-type=\"widget\" data-widget_type=\"text-editor.default\">\n\t\t\t\t<div class=\"elementor-widget-container\">\n\t\t\t\t\t\t\t\t\t<p>Le collectif s\u2019est d\u00e9velopp\u00e9 et est devenu l\u2019association Ecofolies \u00ab Semer les possibles \u00bb.<\/p>\t\t\t\t\t\t\t\t<\/div>\n\t\t\t\t<\/div>\n\t\t\t\t<div class=\"elementor-element elementor-element-5e3fa39 elementor-widget elementor-widget-heading\" data-id=\"5e3fa39\" data-element_type=\"widget\" data-e-type=\"widget\" data-widget_type=\"heading.default\">\n\t\t\t\t<div class=\"elementor-widget-container\">\n\t\t\t\t\t<h3 class=\"elementor-heading-title elementor-size-default\">Le tiers-lieu<\/h3>\t\t\t\t<\/div>\n\t\t\t\t<\/div>\n\t\t\t\t<div class=\"elementor-element elementor-element-3f0f29b elementor-widget elementor-widget-text-editor\" data-id=\"3f0f29b\" data-element_type=\"widget\" data-e-type=\"widget\" data-widget_type=\"text-editor.default\">\n\t\t\t\t<div class=\"elementor-widget-container\">\n\t\t\t\t\t\t\t\t\t<p class=\"odefaultsnippettext\">En juillet 2021, nous reprenons la Ferme et l\u2019association Ecofolies ouvre son tiers-lieu. C\u2019est le d\u00e9but d\u2019une aventure mouvement\u00e9e, engag\u00e9e, partag\u00e9e depuis avec les partenaires, les b\u00e9n\u00e9voles.<\/p>\t\t\t\t\t\t\t\t<\/div>\n\t\t\t\t<\/div>\n\t\t\t\t<\/div>\n\t\t\t\t\t<\/div>\n\t\t\t\t<\/div>\n\t\t<div class=\"elementor-element elementor-element-d2d2482 e-flex e-con-boxed e-con e-parent\" data-id=\"d2d2482\" data-element_type=\"container\" data-e-type=\"container\">\n\t\t\t\t\t<div class=\"e-con-inner\">\n\t\t\t\t<div class=\"elementor-element elementor-element-3def148 elementor-widget elementor-widget-spacer\" data-id=\"3def148\" data-element_type=\"widget\" data-e-type=\"widget\" data-widget_type=\"spacer.default\">\n\t\t\t\t<div class=\"elementor-widget-container\">\n\t\t\t\t\t\t\t<div class=\"elementor-spacer\">\n\t\t\t<div class=\"elementor-spacer-inner\"><\/div>\n\t\t<\/div>\n\t\t\t\t\t\t<\/div>\n\t\t\t\t<\/div>\n\t\t\t\t\t<\/div>\n\t\t\t\t<\/div>\n\t\t\t\t<\/div>\n\t\t","protected":false},"excerpt":{"rendered":"<p>L&rsquo;origine A l\u2019origine du projet, nous \u00e9tions 5, voulant travailler ensemble sur un m\u00eame lieu dans le pays de Retz et accompagner les transitions en agriculture, en alimentation et en [&hellip;]<\/p>\n","protected":false},"author":1,"featured_media":0,"parent":0,"menu_order":0,"comment_status":"closed","ping_status":"closed","template":"","meta":{"footnotes":""},"class_list":["post-56","page","type-page","status-publish","hentry"],"_links":{"self":[{"href":"https:\/\/www.ecofolies.fr\/index.php\/wp-json\/wp\/v2\/pages\/56","targetHints":{"allow":["GET"]}}],"collection":[{"href":"https:\/\/www.ecofolies.fr\/index.php\/wp-json\/wp\/v2\/pages"}],"about":[{"href":"https:\/\/www.ecofolies.fr\/index.php\/wp-json\/wp\/v2\/types\/page"}],"author":[{"embeddable":true,"href":"https:\/\/www.ecofolies.fr\/index.php\/wp-json\/wp\/v2\/users\/1"}],"replies":[{"embeddable":true,"href":"https:\/\/www.ecofolies.fr\/index.php\/wp-json\/wp\/v2\/comments?post=56"}],"version-history":[{"count":44,"href":"https:\/\/www.ecofolies.fr\/index.php\/wp-json\/wp\/v2\/pages\/56\/revisions"}],"predecessor-version":[{"id":1275,"href":"https:\/\/www.ecofolies.fr\/index.php\/wp-json\/wp\/v2\/pages\/56\/revisions\/1275"}],"wp:attachment":[{"href":"https:\/\/www.ecofolies.fr\/index.php\/wp-json\/wp\/v2\/media?parent=56"}],"curies":[{"name":"wp","href":"https:\/\/api.w.org\/{rel}","templated":true}]}}

<div data-elementor-type="wp-page" data-elementor-id="56" class="elementor elementor-56" data-elementor-post-type="page">
				<div class="elementor-element elementor-element-d559fa3 e-grid e-con-boxed e-con e-parent" data-id="d559fa3" data-element_type="container" data-e-type="container">
					<div class="e-con-inner">
		<div class="elementor-element elementor-element-75aa35f e-con-full e-flex e-con e-child" data-id="75aa35f" data-element_type="container" data-e-type="container">
				<div class="elementor-element elementor-element-b99ade4 elementor-widget elementor-widget-heading" data-id="b99ade4" data-element_type="widget" data-e-type="widget" data-widget_type="heading.default">
				<div class="elementor-widget-container">
					<h3 class="elementor-heading-title elementor-size-default">L'origine</h3>				</div>
				</div>
				<div class="elementor-element elementor-element-c8822a5 elementor-widget elementor-widget-text-editor" data-id="c8822a5" data-element_type="widget" data-e-type="widget" data-widget_type="text-editor.default">
				<div class="elementor-widget-container">
									<p>A l’origine du projet, nous étions 5, voulant travailler ensemble sur un même lieu dans le pays de Retz et accompagner les transitions en agriculture, en alimentation et en santé. Nous cherchions un site pouvant accueillir une cantine, un jardin agroécologique, un espace santé et de formation.</p>								</div>
				</div>
				<div class="elementor-element elementor-element-925c9b7 elementor-widget elementor-widget-heading" data-id="925c9b7" data-element_type="widget" data-e-type="widget" data-widget_type="heading.default">
				<div class="elementor-widget-container">
					<h3 class="elementor-heading-title elementor-size-default">9 hectares bio</h3>				</div>
				</div>
				<div class="elementor-element elementor-element-356b49c elementor-widget elementor-widget-text-editor" data-id="356b49c" data-element_type="widget" data-e-type="widget" data-widget_type="text-editor.default">
				<div class="elementor-widget-container">
									<p class="odefaultsnippettext">Après 3 ans de recherche, une exploitation en maraîchage Bio depuis 30 ans a attiré notre attention. Nous avons été séduit par le potentiel du site : 9 hectares bio, connecté au bourg de Sainte-Pazanne, un plan d’eau, un magasin bio sur place animé par une équipe expérimentée…</p><div> </div>								</div>
				</div>
				<div class="elementor-element elementor-element-ae3df95 elementor-widget elementor-widget-heading" data-id="ae3df95" data-element_type="widget" data-e-type="widget" data-widget_type="heading.default">
				<div class="elementor-widget-container">
					<h3 class="elementor-heading-title elementor-size-default">Aujourd'hui</h3>				</div>
				</div>
				<div class="elementor-element elementor-element-3a978e4 elementor-widget elementor-widget-text-editor" data-id="3a978e4" data-element_type="widget" data-e-type="widget" data-widget_type="text-editor.default">
				<div class="elementor-widget-container">
									<p>Le contexte économique et la gouvernance ont été mis à mal. En 2023, le magasin Au jardin Bioretz a fermé définitivement ses portes. Un membre associé a quitté l’aventure. A ce jour, deux marchés à la ferme sont proposés (mercredi après-midi et samedi matin) plus les marchés sur le territoire. Le tiers-lieu a investi l’ancien magasin et l’a transformé en salle de séminaire, formation, évènementiel.</p>								</div>
				</div>
				</div>
		<div class="elementor-element elementor-element-d924406 e-con-full e-flex e-con e-child" data-id="d924406" data-element_type="container" data-e-type="container">
				<div class="elementor-element elementor-element-a70fdb3 elementor-widget elementor-widget-image" data-id="a70fdb3" data-element_type="widget" data-e-type="widget" data-widget_type="image.default">
				<div class="elementor-widget-container">
															<img fetchpriority="high" decoding="async" width="8269" height="11693" src="https://www.ecofolies.fr/wp-content/uploads/2024/07/frise-retenue.png" class="attachment-full size-full wp-image-468" alt="" srcset="https://www.ecofolies.fr/wp-content/uploads/2024/07/frise-retenue.png 8269w, https://www.ecofolies.fr/wp-content/uploads/2024/07/frise-retenue-212x300.png 212w, https://www.ecofolies.fr/wp-content/uploads/2024/07/frise-retenue-724x1024.png 724w, https://www.ecofolies.fr/wp-content/uploads/2024/07/frise-retenue-768x1086.png 768w, https://www.ecofolies.fr/wp-content/uploads/2024/07/frise-retenue-1086x1536.png 1086w, https://www.ecofolies.fr/wp-content/uploads/2024/07/frise-retenue-1448x2048.png 1448w" sizes="(max-width: 8269px) 100vw, 8269px" />															</div>
				</div>
				</div>
		<div class="elementor-element elementor-element-7e3cd58 e-con-full e-flex e-con e-child" data-id="7e3cd58" data-element_type="container" data-e-type="container">
				<div class="elementor-element elementor-element-671496e elementor-widget elementor-widget-heading" data-id="671496e" data-element_type="widget" data-e-type="widget" data-widget_type="heading.default">
				<div class="elementor-widget-container">
					<h3 class="elementor-heading-title elementor-size-default">Ecofolies</h3>				</div>
				</div>
				<div class="elementor-element elementor-element-1df0186 elementor-widget elementor-widget-text-editor" data-id="1df0186" data-element_type="widget" data-e-type="widget" data-widget_type="text-editor.default">
				<div class="elementor-widget-container">
									<p>Le collectif s’est développé et est devenu l’association Ecofolies « Semer les possibles ».</p>								</div>
				</div>
				<div class="elementor-element elementor-element-5e3fa39 elementor-widget elementor-widget-heading" data-id="5e3fa39" data-element_type="widget" data-e-type="widget" data-widget_type="heading.default">
				<div class="elementor-widget-container">
					<h3 class="elementor-heading-title elementor-size-default">Le tiers-lieu</h3>				</div>
				</div>
				<div class="elementor-element elementor-element-3f0f29b elementor-widget elementor-widget-text-editor" data-id="3f0f29b" data-element_type="widget" data-e-type="widget" data-widget_type="text-editor.default">
				<div class="elementor-widget-container">
									<p class="odefaultsnippettext">En juillet 2021, nous reprenons la Ferme et l’association Ecofolies ouvre son tiers-lieu. C’est le début d’une aventure mouvementée, engagée, partagée depuis avec les partenaires, les bénévoles.</p>								</div>
				</div>
				</div>
					</div>
				</div>
		<div class="elementor-element elementor-element-d2d2482 e-flex e-con-boxed e-con e-parent" data-id="d2d2482" data-element_type="container" data-e-type="container">
					<div class="e-con-inner">
				<div class="elementor-element elementor-element-3def148 elementor-widget elementor-widget-spacer" data-id="3def148" data-element_type="widget" data-e-type="widget" data-widget_type="spacer.default">
				<div class="elementor-widget-container">
							<div class="elementor-spacer">
			<div class="elementor-spacer-inner"></div>
		</div>
						</div>
				</div>
					</div>
				</div>
				</div>

<p>L&rsquo;origine A l’origine du projet, nous étions 5, voulant travailler ensemble sur un même lieu dans le pays de Retz et accompagner les transitions en agriculture, en alimentation et en [&hellip;]</p>
