{"id":1467,"date":"2025-04-01T12:13:23","date_gmt":"2025-04-01T10:13:23","guid":{"rendered":"https:\/\/www.ecofolies.fr\/?post_type=tribe_events&#038;p=1467"},"modified":"2025-04-01T12:13:23","modified_gmt":"2025-04-01T10:13:23","slug":"stage-fleurs-de-bach","status":"publish","type":"tribe_events","link":"https:\/\/www.ecofolies.fr\/index.php\/evenements\/stage-fleurs-de-bach\/","title":{"rendered":"Stage Fleurs de Bach"},"content":{"rendered":"<p>Gabri\u00e8le, b\u00e9n\u00e9vole de l&rsquo;association Ecofolies, est aussi formatrice. Elle propose pour la 1ere fois un stage de 2 jours sur \u00ab\u00a0Les fleurs de Bach et les blessures \u00e9motionnelles\u00a0\u00bb.<\/p>\n<p>Le stage se d\u00e9roulera \u00e0 la ferme Ecofolies. 260\u20ac\/2 jours. Horaires \u00e0 pr\u00e9ciser. Renseignements et inscriptions sur federation.edelweiss.org<\/p>\n","protected":false},"excerpt":{"rendered":"<p>Gabri\u00e8le, b\u00e9n\u00e9vole de l&rsquo;association Ecofolies, est aussi formatrice. Elle propose pour la 1ere fois un stage de 2 jours sur \u00ab\u00a0Les fleurs de Bach et les blessures \u00e9motionnelles\u00a0\u00bb. Le stage [&hellip;]<\/p>\n","protected":false},"author":1,"featured_media":1468,"template":"","meta":{"_tribe_events_status":"","_tribe_events_status_reason":"","footnotes":""},"tags":[],"tribe_events_cat":[12],"class_list":["post-1467","tribe_events","type-tribe_events","status-publish","has-post-thumbnail","hentry","tribe_events_cat-vegetaux-et-sante","cat_vegetaux-et-sante"],"_links":{"self":[{"href":"https:\/\/www.ecofolies.fr\/index.php\/wp-json\/wp\/v2\/tribe_events\/1467","targetHints":{"allow":["GET"]}}],"collection":[{"href":"https:\/\/www.ecofolies.fr\/index.php\/wp-json\/wp\/v2\/tribe_events"}],"about":[{"href":"https:\/\/www.ecofolies.fr\/index.php\/wp-json\/wp\/v2\/types\/tribe_events"}],"author":[{"embeddable":true,"href":"https:\/\/www.ecofolies.fr\/index.php\/wp-json\/wp\/v2\/users\/1"}],"version-history":[{"count":1,"href":"https:\/\/www.ecofolies.fr\/index.php\/wp-json\/wp\/v2\/tribe_events\/1467\/revisions"}],"predecessor-version":[{"id":1469,"href":"https:\/\/www.ecofolies.fr\/index.php\/wp-json\/wp\/v2\/tribe_events\/1467\/revisions\/1469"}],"wp:featuredmedia":[{"embeddable":true,"href":"https:\/\/www.ecofolies.fr\/index.php\/wp-json\/wp\/v2\/media\/1468"}],"wp:attachment":[{"href":"https:\/\/www.ecofolies.fr\/index.php\/wp-json\/wp\/v2\/media?parent=1467"}],"wp:term":[{"taxonomy":"post_tag","embeddable":true,"href":"https:\/\/www.ecofolies.fr\/index.php\/wp-json\/wp\/v2\/tags?post=1467"},{"taxonomy":"tribe_events_cat","embeddable":true,"href":"https:\/\/www.ecofolies.fr\/index.php\/wp-json\/wp\/v2\/tribe_events_cat?post=1467"}],"curies":[{"name":"wp","href":"https:\/\/api.w.org\/{rel}","templated":true}]}}

<p>Gabrièle, bénévole de l&rsquo;association Ecofolies, est aussi formatrice. Elle propose pour la 1ere fois un stage de 2 jours sur « Les fleurs de Bach et les blessures émotionnelles ».</p>
<p>Le stage se déroulera à la ferme Ecofolies. 260€/2 jours. Horaires à préciser. Renseignements et inscriptions sur federation.edelweiss.org</p>

<p>Gabrièle, bénévole de l&rsquo;association Ecofolies, est aussi formatrice. Elle propose pour la 1ere fois un stage de 2 jours sur « Les fleurs de Bach et les blessures émotionnelles ». Le stage [&hellip;]</p>
