{"id":1684,"date":"2025-09-15T11:43:26","date_gmt":"2025-09-15T09:43:26","guid":{"rendered":"https:\/\/www.ecofolies.fr\/?post_type=tribe_events&#038;p=1684"},"modified":"2025-09-29T10:11:38","modified_gmt":"2025-09-29T08:11:38","slug":"fete-du-pain","status":"publish","type":"tribe_events","link":"https:\/\/www.ecofolies.fr\/index.php\/evenements\/fete-du-pain\/","title":{"rendered":"F\u00eate du pain"},"content":{"rendered":"<p>Venez \u00e0 la rencontre de Maxime, le boulanger du \u00ab\u00a0Comptoir bis\u00a0\u00bb install\u00e9 \u00e0 la Ferme Ecofolies. Pour cette 1ere f\u00eate du pain, on vous propose :<\/p>\n<p class=\"cvGsUA direction-ltr align-start para-style-body\"><span class=\"a_GcMg font-feature-liga-off font-feature-clig-off font-feature-calt-off text-decoration-none text-strikethrough-none\">&#8211; 10h : visite du fournil. Assistez \u00e0 une fourn\u00e9e et repartez avec votre pain tout chaud (pr\u00e9voir environ 1h de cuisson). Sur inscription, pr\u00e9-choisissez et commandez votre pain avant, lors des march\u00e9s \u00e0 la Ferme du mercredi apr\u00e8s-midi et samedi matin.<\/span><\/p>\n<p class=\"cvGsUA direction-ltr align-start para-style-body\"><span class=\"a_GcMg font-feature-liga-off font-feature-clig-off font-feature-calt-off text-decoration-none text-strikethrough-none\">&#8211; Toute la matin\u00e9e : d\u00e9gustation des pains de Maxime. Venez \u00e9changez autour de ses nouveaut\u00e9s, de la nutrition et du gluten, de son parcours&#8230;.<\/span><\/p>\n<p class=\"cvGsUA direction-ltr align-center para-style-body\"><span class=\"a_GcMg font-feature-liga-off font-feature-clig-off font-feature-calt-off text-decoration-none text-strikethrough-none\">Visite pour tous les \u00e2ges, gratuit. <\/span>Le pain de Maxime est en vente \u00e0 la Ferme Ecofolies, tous les mercredis apr\u00e8s-midis et les samedis matins.<\/p>\n<p>Pour vous inscrire, envoyez un simple mail \u00e0 ecofolies@gmail. com, l&rsquo;activit\u00e9 choisie, les noms et pr\u00e9noms des participants.<\/p>\n","protected":false},"excerpt":{"rendered":"<p>Venez \u00e0 la rencontre de Maxime, le boulanger du \u00ab\u00a0Comptoir bis\u00a0\u00bb install\u00e9 \u00e0 la Ferme Ecofolies. Pour cette 1ere f\u00eate du pain, on vous propose : &#8211; 10h : visite [&hellip;]<\/p>\n","protected":false},"author":1,"featured_media":1685,"template":"","meta":{"_tribe_events_status":"","_tribe_events_status_reason":"","footnotes":""},"tags":[],"tribe_events_cat":[14,13,15],"class_list":["post-1684","tribe_events","type-tribe_events","status-publish","has-post-thumbnail","hentry","tribe_events_cat-cuisine-durable-et-nourriciere","tribe_events_cat-festif","tribe_events_cat-formation-pour-tous","cat_cuisine-durable-et-nourriciere","cat_festif","cat_formation-pour-tous"],"_links":{"self":[{"href":"https:\/\/www.ecofolies.fr\/index.php\/wp-json\/wp\/v2\/tribe_events\/1684","targetHints":{"allow":["GET"]}}],"collection":[{"href":"https:\/\/www.ecofolies.fr\/index.php\/wp-json\/wp\/v2\/tribe_events"}],"about":[{"href":"https:\/\/www.ecofolies.fr\/index.php\/wp-json\/wp\/v2\/types\/tribe_events"}],"author":[{"embeddable":true,"href":"https:\/\/www.ecofolies.fr\/index.php\/wp-json\/wp\/v2\/users\/1"}],"version-history":[{"count":4,"href":"https:\/\/www.ecofolies.fr\/index.php\/wp-json\/wp\/v2\/tribe_events\/1684\/revisions"}],"predecessor-version":[{"id":1712,"href":"https:\/\/www.ecofolies.fr\/index.php\/wp-json\/wp\/v2\/tribe_events\/1684\/revisions\/1712"}],"wp:featuredmedia":[{"embeddable":true,"href":"https:\/\/www.ecofolies.fr\/index.php\/wp-json\/wp\/v2\/media\/1685"}],"wp:attachment":[{"href":"https:\/\/www.ecofolies.fr\/index.php\/wp-json\/wp\/v2\/media?parent=1684"}],"wp:term":[{"taxonomy":"post_tag","embeddable":true,"href":"https:\/\/www.ecofolies.fr\/index.php\/wp-json\/wp\/v2\/tags?post=1684"},{"taxonomy":"tribe_events_cat","embeddable":true,"href":"https:\/\/www.ecofolies.fr\/index.php\/wp-json\/wp\/v2\/tribe_events_cat?post=1684"}],"curies":[{"name":"wp","href":"https:\/\/api.w.org\/{rel}","templated":true}]}}

Fête du pain

<p>Venez à la rencontre de Maxime, le boulanger du « Comptoir bis » installé à la Ferme Ecofolies. Pour cette 1ere fête du pain, on vous propose :</p>
<p class="cvGsUA direction-ltr align-start para-style-body"><span class="a_GcMg font-feature-liga-off font-feature-clig-off font-feature-calt-off text-decoration-none text-strikethrough-none">&#8211; 10h : visite du fournil. Assistez à une fournée et repartez avec votre pain tout chaud (prévoir environ 1h de cuisson). Sur inscription, pré-choisissez et commandez votre pain avant, lors des marchés à la Ferme du mercredi après-midi et samedi matin.</span></p>
<p class="cvGsUA direction-ltr align-start para-style-body"><span class="a_GcMg font-feature-liga-off font-feature-clig-off font-feature-calt-off text-decoration-none text-strikethrough-none">&#8211; Toute la matinée : dégustation des pains de Maxime. Venez échangez autour de ses nouveautés, de la nutrition et du gluten, de son parcours&#8230;.</span></p>
<p class="cvGsUA direction-ltr align-center para-style-body"><span class="a_GcMg font-feature-liga-off font-feature-clig-off font-feature-calt-off text-decoration-none text-strikethrough-none">Visite pour tous les âges, gratuit. </span>Le pain de Maxime est en vente à la Ferme Ecofolies, tous les mercredis après-midis et les samedis matins.</p>
<p>Pour vous inscrire, envoyez un simple mail à ecofolies@gmail. com, l&rsquo;activité choisie, les noms et prénoms des participants.</p>

<p>Venez à la rencontre de Maxime, le boulanger du « Comptoir bis » installé à la Ferme Ecofolies. Pour cette 1ere fête du pain, on vous propose : &#8211; 10h : visite [&hellip;]</p>
