{"id":1693,"date":"2025-09-15T17:35:44","date_gmt":"2025-09-15T15:35:44","guid":{"rendered":"https:\/\/www.ecofolies.fr\/?post_type=tribe_events&#038;p=1693"},"modified":"2025-09-29T16:48:26","modified_gmt":"2025-09-29T14:48:26","slug":"semaine-decouverte-metiers-et-formations","status":"publish","type":"tribe_events","link":"https:\/\/www.ecofolies.fr\/index.php\/evenements\/semaine-decouverte-metiers-et-formations\/","title":{"rendered":"Semaine DEFFINOV : d\u00e9couverte M\u00e9tiers et formations"},"content":{"rendered":"<p class=\"cvGsUA direction-ltr align-center para-style-body\"><span class=\"a_GcMg font-feature-liga-off font-feature-clig-off font-feature-calt-off text-decoration-none text-strikethrough-none\">T\u00e9moignages, ateliers, conf\u00e9rences, stand de pr\u00e9sentation autour des m\u00e9tiers de nos partenaires. Sur inscriptions par mail \u00e0 ecofolies@gmail.com<\/span><\/p>\n<ul>\n<li><span class=\"a_GcMg font-feature-liga-off font-feature-clig-off font-feature-calt-off text-decoration-none text-strikethrough-none\">lundi : visite de la ferme \u00e0 10h &#8211; Atelier cuisine \u00e0 11h &#8211; Micro chantier agricole \u00e0 14h &#8211; Conf\u00e9rence \u201cIA pour \u00e9tudiants et enseignants\u201d \u00e0 15h30<\/span><\/li>\n<li><span class=\"a_GcMg font-feature-liga-off font-feature-clig-off font-feature-calt-off text-decoration-none text-strikethrough-none\">Mardi : Atelier boulangerie \u00e0 9h30 &#8211; Atelier cuisine v\u00e9g\u00e9tale \u00e0 11h &#8211; Vannerie au jardin \u00e0 14h &#8211; D\u00e9couverte et \u00e9change avec les \u201cJardins du coeur\u201d \u00e0 16h<\/span><\/li>\n<li><span class=\"a_GcMg font-feature-liga-off font-feature-clig-off font-feature-calt-off text-decoration-none text-strikethrough-none\">Mercredi : Formation propaille (d\u00e9j\u00e0 complet, d\u00e9sol\u00e9 !) &#8211; Petit dej l\u2019IA pour les pro \u00e0 9h &#8211; Infos orientation de 9h \u00e0 17h &#8211; Atelier sant\u00e9 mentale et bien \u00eatre \u00e0 14h &#8211; D\u00e9monstration d\u2019enduit de corps en terre sur paille par Julie Laurin \u00e0 16h<\/span><\/li>\n<li><span class=\"a_GcMg font-feature-liga-off font-feature-clig-off font-feature-calt-off text-decoration-none text-strikethrough-none\">Jeudi : Formation propaille (d\u00e9j\u00e0 complet, d\u00e9sol\u00e9 !) &#8211; Cr\u00e9er une video produit en 1h avec l\u2019IA \u00e0 9h<\/span><\/li>\n<li><span class=\"a_GcMg font-feature-liga-off font-feature-clig-off font-feature-calt-off text-decoration-none text-strikethrough-none\">Vendredi : Petit dej partenaires (sur invitation) &#8211; Tournage et montage video au smartphone \u00e0 10h &#8211; L\u2019IA et le digital pour les associations \u00e0 10h15 &#8211; Soir\u00e9e guinguette \u00e0 partir de 19h30<\/span><\/li>\n<li><span class=\"a_GcMg font-feature-liga-off font-feature-clig-off font-feature-calt-off text-decoration-none text-strikethrough-none\">Samedi : Atelier g\u00e9rer son \u00e9motion \u00e0 10h<\/span><\/li>\n<\/ul>\n<p><span class=\"a_GcMg font-feature-liga-off font-feature-clig-off font-feature-calt-off text-decoration-none text-strikethrough-none\"><a href=\"https:\/\/www.ecofolies.fr\/wp-content\/uploads\/2025\/09\/Semaine-DEFFINOV-ecofolies-Octobre-2025.pdf\">T\u00e9l\u00e9chargez le programme complet : Semaine DEFFINOV ecofolies &#8211; Octobre 2025<\/a><\/span><\/p>\n","protected":false},"excerpt":{"rendered":"<p>T\u00e9moignages, ateliers, conf\u00e9rences, stand de pr\u00e9sentation autour des m\u00e9tiers de nos partenaires. Sur inscriptions par mail \u00e0 ecofolies@gmail.com lundi : visite de la ferme \u00e0 10h &#8211; Atelier cuisine \u00e0 [&hellip;]<\/p>\n","protected":false},"author":1,"featured_media":0,"template":"","meta":{"_tribe_events_status":"","_tribe_events_status_reason":"","footnotes":""},"tags":[],"tribe_events_cat":[15],"class_list":["post-1693","tribe_events","type-tribe_events","status-publish","hentry","tribe_events_cat-formation-pour-tous","cat_formation-pour-tous"],"_links":{"self":[{"href":"https:\/\/www.ecofolies.fr\/index.php\/wp-json\/wp\/v2\/tribe_events\/1693","targetHints":{"allow":["GET"]}}],"collection":[{"href":"https:\/\/www.ecofolies.fr\/index.php\/wp-json\/wp\/v2\/tribe_events"}],"about":[{"href":"https:\/\/www.ecofolies.fr\/index.php\/wp-json\/wp\/v2\/types\/tribe_events"}],"author":[{"embeddable":true,"href":"https:\/\/www.ecofolies.fr\/index.php\/wp-json\/wp\/v2\/users\/1"}],"version-history":[{"count":4,"href":"https:\/\/www.ecofolies.fr\/index.php\/wp-json\/wp\/v2\/tribe_events\/1693\/revisions"}],"predecessor-version":[{"id":1713,"href":"https:\/\/www.ecofolies.fr\/index.php\/wp-json\/wp\/v2\/tribe_events\/1693\/revisions\/1713"}],"wp:attachment":[{"href":"https:\/\/www.ecofolies.fr\/index.php\/wp-json\/wp\/v2\/media?parent=1693"}],"wp:term":[{"taxonomy":"post_tag","embeddable":true,"href":"https:\/\/www.ecofolies.fr\/index.php\/wp-json\/wp\/v2\/tags?post=1693"},{"taxonomy":"tribe_events_cat","embeddable":true,"href":"https:\/\/www.ecofolies.fr\/index.php\/wp-json\/wp\/v2\/tribe_events_cat?post=1693"}],"curies":[{"name":"wp","href":"https:\/\/api.w.org\/{rel}","templated":true}]}}

Semaine DEFFINOV : découverte Métiers et formations

<p class="cvGsUA direction-ltr align-center para-style-body"><span class="a_GcMg font-feature-liga-off font-feature-clig-off font-feature-calt-off text-decoration-none text-strikethrough-none">Témoignages, ateliers, conférences, stand de présentation autour des métiers de nos partenaires. Sur inscriptions par mail à ecofolies@gmail.com</span></p>
<ul>
<li><span class="a_GcMg font-feature-liga-off font-feature-clig-off font-feature-calt-off text-decoration-none text-strikethrough-none">lundi : visite de la ferme à 10h &#8211; Atelier cuisine à 11h &#8211; Micro chantier agricole à 14h &#8211; Conférence “IA pour étudiants et enseignants” à 15h30</span></li>
<li><span class="a_GcMg font-feature-liga-off font-feature-clig-off font-feature-calt-off text-decoration-none text-strikethrough-none">Mardi : Atelier boulangerie à 9h30 &#8211; Atelier cuisine végétale à 11h &#8211; Vannerie au jardin à 14h &#8211; Découverte et échange avec les “Jardins du coeur” à 16h</span></li>
<li><span class="a_GcMg font-feature-liga-off font-feature-clig-off font-feature-calt-off text-decoration-none text-strikethrough-none">Mercredi : Formation propaille (déjà complet, désolé !) &#8211; Petit dej l’IA pour les pro à 9h &#8211; Infos orientation de 9h à 17h &#8211; Atelier santé mentale et bien être à 14h &#8211; Démonstration d’enduit de corps en terre sur paille par Julie Laurin à 16h</span></li>
<li><span class="a_GcMg font-feature-liga-off font-feature-clig-off font-feature-calt-off text-decoration-none text-strikethrough-none">Jeudi : Formation propaille (déjà complet, désolé !) &#8211; Créer une video produit en 1h avec l’IA à 9h</span></li>
<li><span class="a_GcMg font-feature-liga-off font-feature-clig-off font-feature-calt-off text-decoration-none text-strikethrough-none">Vendredi : Petit dej partenaires (sur invitation) &#8211; Tournage et montage video au smartphone à 10h &#8211; L’IA et le digital pour les associations à 10h15 &#8211; Soirée guinguette à partir de 19h30</span></li>
<li><span class="a_GcMg font-feature-liga-off font-feature-clig-off font-feature-calt-off text-decoration-none text-strikethrough-none">Samedi : Atelier gérer son émotion à 10h</span></li>
</ul>
<p><span class="a_GcMg font-feature-liga-off font-feature-clig-off font-feature-calt-off text-decoration-none text-strikethrough-none"><a href="https://www.ecofolies.fr/wp-content/uploads/2025/09/Semaine-DEFFINOV-ecofolies-Octobre-2025.pdf">Téléchargez le programme complet : Semaine DEFFINOV ecofolies &#8211; Octobre 2025</a></span></p>

<p>Témoignages, ateliers, conférences, stand de présentation autour des métiers de nos partenaires. Sur inscriptions par mail à ecofolies@gmail.com lundi : visite de la ferme à 10h &#8211; Atelier cuisine à [&hellip;]</p>
