{"id":1975,"date":"2026-08-31T09:43:15","date_gmt":"2026-08-31T07:43:15","guid":{"rendered":"https:\/\/www.ecofolies.fr\/?post_type=tribe_events&#038;p=1975"},"modified":"2026-08-31T09:43:15","modified_gmt":"2026-08-31T07:43:15","slug":"anniversaire-de-la-ferme-ecofolies-5-ans-deja","status":"publish","type":"tribe_events","link":"https:\/\/www.ecofolies.fr\/index.php\/evenements\/anniversaire-de-la-ferme-ecofolies-5-ans-deja\/","title":{"rendered":"Anniversaire de la Ferme Ecofolies : 5 ans d\u00e9j\u00e0 !"},"content":{"rendered":"<p class=\"cvGsUA block-font-kerning-none block-font-feature-liga-off block-font-feature-clig-off block-font-feature-calt-off direction-ltr align-center\"><span class=\"a_GcMg font-feature-liga-off font-feature-clig-off font-feature-calt-off text-decoration-none text-strikethrough-none\">C\u2019est l\u2019anniversaire du Tiers-lieu Ecofolies !<\/span><\/p>\n<p class=\"cvGsUA block-font-kerning-none block-font-feature-liga-off block-font-feature-clig-off block-font-feature-calt-off direction-ltr align-center\"><span class=\"a_GcMg font-feature-liga-off font-feature-clig-off font-feature-calt-off text-decoration-none text-strikethrough-none\">Samedi 12 septembre de 10h \u00e0 23h,<\/span><\/p>\n<p class=\"cvGsUA block-font-kerning-none block-font-feature-liga-off block-font-feature-clig-off block-font-feature-calt-off direction-ltr align-center\"><span class=\"a_GcMg font-feature-liga-off font-feature-clig-off font-feature-calt-off text-decoration-none text-strikethrough-none\">on f\u00eate nos 5 ans<\/span><\/p>\n<ul>\n<li><span class=\"a_GcMg font-feature-liga-off font-feature-clig-off font-feature-calt-off text-decoration-none text-strikethrough-none\">10h &#8211; 12h : <\/span><span class=\"a_GcMg font-feature-liga-off font-feature-clig-off font-feature-calt-off text-decoration-none text-strikethrough-none\">Balade botanique avec Marjolaine pour s\u2019initier aux vertus des plantes. Participation \u00e0 la chaussette, sur inscription.<\/span><\/li>\n<li><span class=\"a_GcMg font-feature-liga-off font-feature-clig-off font-feature-calt-off text-decoration-none text-strikethrough-none\">14h 30- 16h <\/span><span class=\"a_GcMg font-feature-liga-off font-feature-clig-off font-feature-calt-off text-decoration-none text-strikethrough-none\">: Insolite et fabuleux, venez d\u00e9couvrir de la musique g\u00e9n\u00e9r\u00e9e avec les v\u00e9g\u00e9taux, gr\u00e2ce au talent d\u2019Yves Bardoul qui cr\u00e9e des sons \u00e0 partir de la nature : sifflets et autres curiosit\u00e9s. Pour petits et grands. Participation \u00e0 la chaussette, sur inscription.<\/span><\/li>\n<li><span class=\"a_GcMg font-feature-liga-off font-feature-clig-off font-feature-calt-off text-decoration-none text-strikethrough-none\">16h &#8211; 18h<\/span><span class=\"a_GcMg font-feature-liga-off font-feature-clig-off font-feature-calt-off text-decoration-none text-strikethrough-none\"> : Atelier cuisine br\u00e9silienne, pr\u00e9paration de la soir\u00e9e, sur inscriptions.<\/span><\/li>\n<li><span class=\"a_GcMg font-feature-liga-off font-feature-clig-off font-feature-calt-off text-decoration-none text-strikethrough-none\">19h30 <\/span><span class=\"a_GcMg font-feature-liga-off font-feature-clig-off font-feature-calt-off text-decoration-none text-strikethrough-none\">: Soir\u00e9e guinguette avec bar et restauration br\u00e9silienne sur place<\/span><\/li>\n<li><span class=\"a_GcMg font-feature-liga-off font-feature-clig-off font-feature-calt-off text-decoration-none text-strikethrough-none\">20h <\/span><span class=\"a_GcMg font-feature-liga-off font-feature-clig-off font-feature-calt-off text-decoration-none text-strikethrough-none\">: Batucada Ter\u00e7amizade, ensemble percussions afro-br\u00e9siliennes<\/span><\/li>\n<\/ul>\n<p class=\"cvGsUA block-font-kerning-none block-font-feature-liga-off block-font-feature-clig-off block-font-feature-calt-off direction-ltr align-start\"><span class=\"a_GcMg font-feature-liga-off font-feature-clig-off font-feature-calt-off text-decoration-none text-strikethrough-none\">Informations sur ecofolies.fr<\/span><\/p>\n<p class=\"cvGsUA block-font-kerning-none block-font-feature-liga-off block-font-feature-clig-off block-font-feature-calt-off direction-ltr align-start\"><span class=\"a_GcMg font-feature-liga-off font-feature-clig-off font-feature-calt-off text-decoration-none text-strikethrough-none\">Pour vous inscrire aux ateliers, envoyez un simple mail \u00e0 ecofolies@gmail.com en pr\u00e9cisant l\u2019atelier choisi, les pr\u00e9noms et noms des participants.<\/span><\/p>\n","protected":false},"excerpt":{"rendered":"<p>C\u2019est l\u2019anniversaire du Tiers-lieu Ecofolies ! Samedi 12 septembre de 10h \u00e0 23h, on f\u00eate nos 5 ans 10h &#8211; 12h : Balade botanique avec Marjolaine pour s\u2019initier aux vertus [&hellip;]<\/p>\n","protected":false},"author":1,"featured_media":0,"template":"","meta":{"_tribe_events_status":"","_tribe_events_status_reason":"","footnotes":""},"tags":[],"tribe_events_cat":[14,13,12],"class_list":["post-1975","tribe_events","type-tribe_events","status-publish","hentry","tribe_events_cat-cuisine-durable-et-nourriciere","tribe_events_cat-festif","tribe_events_cat-vegetaux-et-sante","cat_cuisine-durable-et-nourriciere","cat_festif","cat_vegetaux-et-sante"],"_links":{"self":[{"href":"https:\/\/www.ecofolies.fr\/index.php\/wp-json\/wp\/v2\/tribe_events\/1975","targetHints":{"allow":["GET"]}}],"collection":[{"href":"https:\/\/www.ecofolies.fr\/index.php\/wp-json\/wp\/v2\/tribe_events"}],"about":[{"href":"https:\/\/www.ecofolies.fr\/index.php\/wp-json\/wp\/v2\/types\/tribe_events"}],"author":[{"embeddable":true,"href":"https:\/\/www.ecofolies.fr\/index.php\/wp-json\/wp\/v2\/users\/1"}],"version-history":[{"count":1,"href":"https:\/\/www.ecofolies.fr\/index.php\/wp-json\/wp\/v2\/tribe_events\/1975\/revisions"}],"predecessor-version":[{"id":1976,"href":"https:\/\/www.ecofolies.fr\/index.php\/wp-json\/wp\/v2\/tribe_events\/1975\/revisions\/1976"}],"wp:attachment":[{"href":"https:\/\/www.ecofolies.fr\/index.php\/wp-json\/wp\/v2\/media?parent=1975"}],"wp:term":[{"taxonomy":"post_tag","embeddable":true,"href":"https:\/\/www.ecofolies.fr\/index.php\/wp-json\/wp\/v2\/tags?post=1975"},{"taxonomy":"tribe_events_cat","embeddable":true,"href":"https:\/\/www.ecofolies.fr\/index.php\/wp-json\/wp\/v2\/tribe_events_cat?post=1975"}],"curies":[{"name":"wp","href":"https:\/\/api.w.org\/{rel}","templated":true}]}}

Anniversaire de la Ferme Ecofolies : 5 ans déjà !

<p class="cvGsUA block-font-kerning-none block-font-feature-liga-off block-font-feature-clig-off block-font-feature-calt-off direction-ltr align-center"><span class="a_GcMg font-feature-liga-off font-feature-clig-off font-feature-calt-off text-decoration-none text-strikethrough-none">C’est l’anniversaire du Tiers-lieu Ecofolies !</span></p>
<p class="cvGsUA block-font-kerning-none block-font-feature-liga-off block-font-feature-clig-off block-font-feature-calt-off direction-ltr align-center"><span class="a_GcMg font-feature-liga-off font-feature-clig-off font-feature-calt-off text-decoration-none text-strikethrough-none">Samedi 12 septembre de 10h à 23h,</span></p>
<p class="cvGsUA block-font-kerning-none block-font-feature-liga-off block-font-feature-clig-off block-font-feature-calt-off direction-ltr align-center"><span class="a_GcMg font-feature-liga-off font-feature-clig-off font-feature-calt-off text-decoration-none text-strikethrough-none">on fête nos 5 ans</span></p>
<ul>
<li><span class="a_GcMg font-feature-liga-off font-feature-clig-off font-feature-calt-off text-decoration-none text-strikethrough-none">10h &#8211; 12h : </span><span class="a_GcMg font-feature-liga-off font-feature-clig-off font-feature-calt-off text-decoration-none text-strikethrough-none">Balade botanique avec Marjolaine pour s’initier aux vertus des plantes. Participation à la chaussette, sur inscription.</span></li>
<li><span class="a_GcMg font-feature-liga-off font-feature-clig-off font-feature-calt-off text-decoration-none text-strikethrough-none">14h 30- 16h </span><span class="a_GcMg font-feature-liga-off font-feature-clig-off font-feature-calt-off text-decoration-none text-strikethrough-none">: Insolite et fabuleux, venez découvrir de la musique générée avec les végétaux, grâce au talent d’Yves Bardoul qui crée des sons à partir de la nature : sifflets et autres curiosités. Pour petits et grands. Participation à la chaussette, sur inscription.</span></li>
<li><span class="a_GcMg font-feature-liga-off font-feature-clig-off font-feature-calt-off text-decoration-none text-strikethrough-none">16h &#8211; 18h</span><span class="a_GcMg font-feature-liga-off font-feature-clig-off font-feature-calt-off text-decoration-none text-strikethrough-none"> : Atelier cuisine brésilienne, préparation de la soirée, sur inscriptions.</span></li>
<li><span class="a_GcMg font-feature-liga-off font-feature-clig-off font-feature-calt-off text-decoration-none text-strikethrough-none">19h30 </span><span class="a_GcMg font-feature-liga-off font-feature-clig-off font-feature-calt-off text-decoration-none text-strikethrough-none">: Soirée guinguette avec bar et restauration brésilienne sur place</span></li>
<li><span class="a_GcMg font-feature-liga-off font-feature-clig-off font-feature-calt-off text-decoration-none text-strikethrough-none">20h </span><span class="a_GcMg font-feature-liga-off font-feature-clig-off font-feature-calt-off text-decoration-none text-strikethrough-none">: Batucada Terçamizade, ensemble percussions afro-brésiliennes</span></li>
</ul>
<p class="cvGsUA block-font-kerning-none block-font-feature-liga-off block-font-feature-clig-off block-font-feature-calt-off direction-ltr align-start"><span class="a_GcMg font-feature-liga-off font-feature-clig-off font-feature-calt-off text-decoration-none text-strikethrough-none">Informations sur ecofolies.fr</span></p>
<p class="cvGsUA block-font-kerning-none block-font-feature-liga-off block-font-feature-clig-off block-font-feature-calt-off direction-ltr align-start"><span class="a_GcMg font-feature-liga-off font-feature-clig-off font-feature-calt-off text-decoration-none text-strikethrough-none">Pour vous inscrire aux ateliers, envoyez un simple mail à ecofolies@gmail.com en précisant l’atelier choisi, les prénoms et noms des participants.</span></p>

<p>C’est l’anniversaire du Tiers-lieu Ecofolies ! Samedi 12 septembre de 10h à 23h, on fête nos 5 ans 10h &#8211; 12h : Balade botanique avec Marjolaine pour s’initier aux vertus [&hellip;]</p>
