{"id":1983,"date":"2026-08-31T09:54:30","date_gmt":"2026-08-31T07:54:30","guid":{"rendered":"https:\/\/www.ecofolies.fr\/?post_type=tribe_events&#038;p=1983"},"modified":"2026-08-31T09:54:30","modified_gmt":"2026-08-31T07:54:30","slug":"conference-sur-lalimentation-pour-octobre-rose","status":"publish","type":"tribe_events","link":"https:\/\/www.ecofolies.fr\/index.php\/evenements\/conference-sur-lalimentation-pour-octobre-rose\/","title":{"rendered":"Conf\u00e9rence sur l&rsquo;alimentation pour Octobre Rose"},"content":{"rendered":"<ul>\n<li><span class=\"a_GcMg font-feature-liga-off font-feature-clig-off font-feature-calt-off text-decoration-none text-strikethrough-none\">10h &#8211; 14h \u201cCantine vagabonde\u201d Atelier cuisine et repas partag\u00e9<\/span><\/li>\n<li><span class=\"a_GcMg font-feature-liga-off font-feature-clig-off font-feature-calt-off text-decoration-none text-strikethrough-none\">19h Soir\u00e9e soupe propos\u00e9e avec les b\u00e9n\u00e9voles d\u2019Entraide et Savoirs<\/span><\/li>\n<li><span class=\"a_GcMg font-feature-liga-off font-feature-clig-off font-feature-calt-off text-decoration-none text-strikethrough-none\">20h Conf\u00e9rence de Pierre Weill, agronome et docteur en biologie. Il pr\u00e9sentera son dernier livre \u00ab Une seule sant\u00e9 \u00bb, sur lien entre sant\u00e9 des hommes et sant\u00e9 des sols.<\/span><\/li>\n<\/ul>\n<p>RDV Salle de l&rsquo;Escale pour ces 3 temps forts et toutes les autres animations propos\u00e9es par les associations pazennaises.<\/p>\n<p class=\"cvGsUA block-font-kerning-none block-font-feature-liga-off block-font-feature-clig-off block-font-feature-calt-off direction-ltr align-start\"><span class=\"a_GcMg font-feature-liga-off font-feature-clig-off font-feature-calt-off text-decoration-none text-strikethrough-none\">Manifestation organis\u00e9e en partenariat avec la Mairie de Ste Pazanne et Entraide et Savoirs. Retrouvez le programme complet sur le site de la Ville. Cantine vagabonde et conf\u00e9rence : participation libre. B\u00e9n\u00e9fices revers\u00e9s \u00e0 la recherche contre les cancers.<\/span><\/p>\n","protected":false},"excerpt":{"rendered":"<p>10h &#8211; 14h \u201cCantine vagabonde\u201d Atelier cuisine et repas partag\u00e9 19h Soir\u00e9e soupe propos\u00e9e avec les b\u00e9n\u00e9voles d\u2019Entraide et Savoirs 20h Conf\u00e9rence de Pierre Weill, agronome et docteur en biologie. [&hellip;]<\/p>\n","protected":false},"author":1,"featured_media":0,"template":"","meta":{"_tribe_events_status":"","_tribe_events_status_reason":"","footnotes":""},"tags":[],"tribe_events_cat":[14,15,12],"class_list":["post-1983","tribe_events","type-tribe_events","status-publish","hentry","tribe_events_cat-cuisine-durable-et-nourriciere","tribe_events_cat-formation-pour-tous","tribe_events_cat-vegetaux-et-sante","cat_cuisine-durable-et-nourriciere","cat_formation-pour-tous","cat_vegetaux-et-sante"],"_links":{"self":[{"href":"https:\/\/www.ecofolies.fr\/index.php\/wp-json\/wp\/v2\/tribe_events\/1983","targetHints":{"allow":["GET"]}}],"collection":[{"href":"https:\/\/www.ecofolies.fr\/index.php\/wp-json\/wp\/v2\/tribe_events"}],"about":[{"href":"https:\/\/www.ecofolies.fr\/index.php\/wp-json\/wp\/v2\/types\/tribe_events"}],"author":[{"embeddable":true,"href":"https:\/\/www.ecofolies.fr\/index.php\/wp-json\/wp\/v2\/users\/1"}],"version-history":[{"count":1,"href":"https:\/\/www.ecofolies.fr\/index.php\/wp-json\/wp\/v2\/tribe_events\/1983\/revisions"}],"predecessor-version":[{"id":1984,"href":"https:\/\/www.ecofolies.fr\/index.php\/wp-json\/wp\/v2\/tribe_events\/1983\/revisions\/1984"}],"wp:attachment":[{"href":"https:\/\/www.ecofolies.fr\/index.php\/wp-json\/wp\/v2\/media?parent=1983"}],"wp:term":[{"taxonomy":"post_tag","embeddable":true,"href":"https:\/\/www.ecofolies.fr\/index.php\/wp-json\/wp\/v2\/tags?post=1983"},{"taxonomy":"tribe_events_cat","embeddable":true,"href":"https:\/\/www.ecofolies.fr\/index.php\/wp-json\/wp\/v2\/tribe_events_cat?post=1983"}],"curies":[{"name":"wp","href":"https:\/\/api.w.org\/{rel}","templated":true}]}}

Conférence sur l&rsquo;alimentation pour Octobre Rose

<ul>
<li><span class="a_GcMg font-feature-liga-off font-feature-clig-off font-feature-calt-off text-decoration-none text-strikethrough-none">10h &#8211; 14h “Cantine vagabonde” Atelier cuisine et repas partagé</span></li>
<li><span class="a_GcMg font-feature-liga-off font-feature-clig-off font-feature-calt-off text-decoration-none text-strikethrough-none">19h Soirée soupe proposée avec les bénévoles d’Entraide et Savoirs</span></li>
<li><span class="a_GcMg font-feature-liga-off font-feature-clig-off font-feature-calt-off text-decoration-none text-strikethrough-none">20h Conférence de Pierre Weill, agronome et docteur en biologie. Il présentera son dernier livre « Une seule santé », sur lien entre santé des hommes et santé des sols.</span></li>
</ul>
<p>RDV Salle de l&rsquo;Escale pour ces 3 temps forts et toutes les autres animations proposées par les associations pazennaises.</p>
<p class="cvGsUA block-font-kerning-none block-font-feature-liga-off block-font-feature-clig-off block-font-feature-calt-off direction-ltr align-start"><span class="a_GcMg font-feature-liga-off font-feature-clig-off font-feature-calt-off text-decoration-none text-strikethrough-none">Manifestation organisée en partenariat avec la Mairie de Ste Pazanne et Entraide et Savoirs. Retrouvez le programme complet sur le site de la Ville. Cantine vagabonde et conférence : participation libre. Bénéfices reversés à la recherche contre les cancers.</span></p>

<p>10h &#8211; 14h “Cantine vagabonde” Atelier cuisine et repas partagé 19h Soirée soupe proposée avec les bénévoles d’Entraide et Savoirs 20h Conférence de Pierre Weill, agronome et docteur en biologie. [&hellip;]</p>
