{"id":1987,"date":"2026-08-31T10:18:48","date_gmt":"2026-08-31T08:18:48","guid":{"rendered":"https:\/\/www.ecofolies.fr\/?post_type=tribe_events&#038;p=1987"},"modified":"2026-08-31T17:46:37","modified_gmt":"2026-08-31T15:46:37","slug":"20e-edition-du-festival-alimenterre-a-lege","status":"publish","type":"tribe_events","link":"https:\/\/www.ecofolies.fr\/index.php\/evenements\/20e-edition-du-festival-alimenterre-a-lege\/","title":{"rendered":"20e \u00e9dition du Festival Alimenterre \u00e0 Leg\u00e9"},"content":{"rendered":"<p class=\"cvGsUA block-font-kerning-none block-font-feature-liga-off block-font-feature-clig-off block-font-feature-calt-off direction-ltr align-center\"><span class=\"a_GcMg font-feature-liga-off font-feature-clig-off font-feature-calt-off text-decoration-none text-strikethrough-none\">Dans le cadre de la manifestation nationale \u00ab\u00a0Festival Alimenterre\u00a0\u00bb, Ecofolies participe localement.<\/span><\/p>\n<p class=\"cvGsUA block-font-kerning-none block-font-feature-liga-off block-font-feature-clig-off block-font-feature-calt-off direction-ltr align-center\"><span class=\"a_GcMg font-feature-liga-off font-feature-clig-off font-feature-calt-off text-decoration-none text-strikethrough-none\">RDV \u00e0 Leg\u00e9 pour l&rsquo;avant-premi\u00e8re du Festival qui met \u00e0 l\u2019honneur 10 films vari\u00e9s pour stimuler les r\u00e9flexions sur nos syst\u00e8mes alimentaires et leurs interd\u00e9pendances \u00e0 l\u2019\u00e9chelle mondiale. De nombreuses animations sont pr\u00e9vues sur place : ateliers, expositions, films, etc<\/span><\/p>\n<p class=\"cvGsUA block-font-kerning-none block-font-feature-liga-off block-font-feature-clig-off block-font-feature-calt-off direction-ltr align-center\"><span class=\"a_GcMg font-feature-liga-off font-feature-clig-off font-feature-calt-off text-decoration-none text-strikethrough-none\">Ecofolies proposera sa Cantine Vagabonde : atelier cuisine \u00e0 10h suivi d\u2019un repas partag\u00e9 de 12h30 \u00e0 14h. Programme complet de la journ\u00e9e, d\u00e8s mi-septembre.<\/span><\/p>\n<p class=\"cvGsUA block-font-kerning-none block-font-feature-liga-off block-font-feature-clig-off block-font-feature-calt-off direction-ltr align-center\"><span class=\"a_GcMg font-feature-liga-off font-feature-clig-off font-feature-calt-off text-decoration-none text-strikethrough-none\">Salles polyvalentes des Visitandines \u00e0 Leg\u00e9 &#8211; Entr\u00e9e libre.<\/span><\/p>\n<p>Programme complet : <a href=\"https:\/\/www.alimenterre.org\/le-festival-alimenterre-0\">Le festival ALIMENTERRE | ALIMENTERRE<\/a><\/p>\n","protected":false},"excerpt":{"rendered":"<p>Dans le cadre de la manifestation nationale \u00ab\u00a0Festival Alimenterre\u00a0\u00bb, Ecofolies participe localement. RDV \u00e0 Leg\u00e9 pour l&rsquo;avant-premi\u00e8re du Festival qui met \u00e0 l\u2019honneur 10 films vari\u00e9s pour stimuler les r\u00e9flexions [&hellip;]<\/p>\n","protected":false},"author":1,"featured_media":1990,"template":"","meta":{"_tribe_events_status":"","_tribe_events_status_reason":"","footnotes":""},"tags":[],"tribe_events_cat":[14,13,15,12],"class_list":["post-1987","tribe_events","type-tribe_events","status-publish","has-post-thumbnail","hentry","tribe_events_cat-cuisine-durable-et-nourriciere","tribe_events_cat-festif","tribe_events_cat-formation-pour-tous","tribe_events_cat-vegetaux-et-sante","cat_cuisine-durable-et-nourriciere","cat_festif","cat_formation-pour-tous","cat_vegetaux-et-sante"],"_links":{"self":[{"href":"https:\/\/www.ecofolies.fr\/index.php\/wp-json\/wp\/v2\/tribe_events\/1987","targetHints":{"allow":["GET"]}}],"collection":[{"href":"https:\/\/www.ecofolies.fr\/index.php\/wp-json\/wp\/v2\/tribe_events"}],"about":[{"href":"https:\/\/www.ecofolies.fr\/index.php\/wp-json\/wp\/v2\/types\/tribe_events"}],"author":[{"embeddable":true,"href":"https:\/\/www.ecofolies.fr\/index.php\/wp-json\/wp\/v2\/users\/1"}],"version-history":[{"count":4,"href":"https:\/\/www.ecofolies.fr\/index.php\/wp-json\/wp\/v2\/tribe_events\/1987\/revisions"}],"predecessor-version":[{"id":2005,"href":"https:\/\/www.ecofolies.fr\/index.php\/wp-json\/wp\/v2\/tribe_events\/1987\/revisions\/2005"}],"wp:featuredmedia":[{"embeddable":true,"href":"https:\/\/www.ecofolies.fr\/index.php\/wp-json\/wp\/v2\/media\/1990"}],"wp:attachment":[{"href":"https:\/\/www.ecofolies.fr\/index.php\/wp-json\/wp\/v2\/media?parent=1987"}],"wp:term":[{"taxonomy":"post_tag","embeddable":true,"href":"https:\/\/www.ecofolies.fr\/index.php\/wp-json\/wp\/v2\/tags?post=1987"},{"taxonomy":"tribe_events_cat","embeddable":true,"href":"https:\/\/www.ecofolies.fr\/index.php\/wp-json\/wp\/v2\/tribe_events_cat?post=1987"}],"curies":[{"name":"wp","href":"https:\/\/api.w.org\/{rel}","templated":true}]}}

20e édition du Festival Alimenterre à Legé

<p class="cvGsUA block-font-kerning-none block-font-feature-liga-off block-font-feature-clig-off block-font-feature-calt-off direction-ltr align-center"><span class="a_GcMg font-feature-liga-off font-feature-clig-off font-feature-calt-off text-decoration-none text-strikethrough-none">Dans le cadre de la manifestation nationale « Festival Alimenterre », Ecofolies participe localement.</span></p>
<p class="cvGsUA block-font-kerning-none block-font-feature-liga-off block-font-feature-clig-off block-font-feature-calt-off direction-ltr align-center"><span class="a_GcMg font-feature-liga-off font-feature-clig-off font-feature-calt-off text-decoration-none text-strikethrough-none">RDV à Legé pour l&rsquo;avant-première du Festival qui met à l’honneur 10 films variés pour stimuler les réflexions sur nos systèmes alimentaires et leurs interdépendances à l’échelle mondiale. De nombreuses animations sont prévues sur place : ateliers, expositions, films, etc</span></p>
<p class="cvGsUA block-font-kerning-none block-font-feature-liga-off block-font-feature-clig-off block-font-feature-calt-off direction-ltr align-center"><span class="a_GcMg font-feature-liga-off font-feature-clig-off font-feature-calt-off text-decoration-none text-strikethrough-none">Ecofolies proposera sa Cantine Vagabonde : atelier cuisine à 10h suivi d’un repas partagé de 12h30 à 14h. Programme complet de la journée, dès mi-septembre.</span></p>
<p class="cvGsUA block-font-kerning-none block-font-feature-liga-off block-font-feature-clig-off block-font-feature-calt-off direction-ltr align-center"><span class="a_GcMg font-feature-liga-off font-feature-clig-off font-feature-calt-off text-decoration-none text-strikethrough-none">Salles polyvalentes des Visitandines à Legé &#8211; Entrée libre.</span></p>
<p>Programme complet : <a href="https://www.alimenterre.org/le-festival-alimenterre-0">Le festival ALIMENTERRE | ALIMENTERRE</a></p>

<p>Dans le cadre de la manifestation nationale « Festival Alimenterre », Ecofolies participe localement. RDV à Legé pour l&rsquo;avant-première du Festival qui met à l’honneur 10 films variés pour stimuler les réflexions [&hellip;]</p>
