{"id":2006,"date":"2026-08-31T17:48:12","date_gmt":"2026-08-31T15:48:12","guid":{"rendered":"https:\/\/www.ecofolies.fr\/?post_type=tribe_events&#038;p=2006"},"modified":"2026-08-31T17:48:12","modified_gmt":"2026-08-31T15:48:12","slug":"journee-au-jardin-2","status":"publish","type":"tribe_events","link":"https:\/\/www.ecofolies.fr\/index.php\/evenements\/journee-au-jardin-2\/","title":{"rendered":"Journ\u00e9e au jardin"},"content":{"rendered":"<p class=\"cvGsUA block-font-kerning-none block-font-feature-liga-off block-font-feature-clig-off block-font-feature-calt-off direction-ltr align-center\"><span class=\"a_GcMg font-feature-liga-off font-feature-clig-off font-feature-calt-off text-decoration-none text-strikethrough-none\">Vous aimez jardiner ? Pas besoin d\u2019avoir n\u00e9cessairement la main verte pour rejoindre l\u2019\u00e9quipe des b\u00e9n\u00e9voles du jardin p\u00e9dagogique. Outils \u00e0 disposition. Pique-nique partag\u00e9. Bonne humeur garantie. Venez nombreux-ses !<\/span><\/p>\n<p class=\"cvGsUA block-font-kerning-none block-font-feature-liga-off block-font-feature-clig-off block-font-feature-calt-off direction-ltr align-center\"><span class=\"a_GcMg font-feature-liga-off font-feature-clig-off font-feature-calt-off text-decoration-none text-strikethrough-none\">Gratuit &#8211; Ouvert \u00e0 tous.<\/span><\/p>\n","protected":false},"excerpt":{"rendered":"<p>Vous aimez jardiner ? Pas besoin d\u2019avoir n\u00e9cessairement la main verte pour rejoindre l\u2019\u00e9quipe des b\u00e9n\u00e9voles du jardin p\u00e9dagogique. Outils \u00e0 disposition. Pique-nique partag\u00e9. Bonne humeur garantie. Venez nombreux-ses ! [&hellip;]<\/p>\n","protected":false},"author":1,"featured_media":2007,"template":"","meta":{"_tribe_events_status":"","_tribe_events_status_reason":"","footnotes":""},"tags":[],"tribe_events_cat":[15,12],"class_list":["post-2006","tribe_events","type-tribe_events","status-publish","has-post-thumbnail","hentry","tribe_events_cat-formation-pour-tous","tribe_events_cat-vegetaux-et-sante","cat_formation-pour-tous","cat_vegetaux-et-sante"],"_links":{"self":[{"href":"https:\/\/www.ecofolies.fr\/index.php\/wp-json\/wp\/v2\/tribe_events\/2006","targetHints":{"allow":["GET"]}}],"collection":[{"href":"https:\/\/www.ecofolies.fr\/index.php\/wp-json\/wp\/v2\/tribe_events"}],"about":[{"href":"https:\/\/www.ecofolies.fr\/index.php\/wp-json\/wp\/v2\/types\/tribe_events"}],"author":[{"embeddable":true,"href":"https:\/\/www.ecofolies.fr\/index.php\/wp-json\/wp\/v2\/users\/1"}],"version-history":[{"count":1,"href":"https:\/\/www.ecofolies.fr\/index.php\/wp-json\/wp\/v2\/tribe_events\/2006\/revisions"}],"predecessor-version":[{"id":2008,"href":"https:\/\/www.ecofolies.fr\/index.php\/wp-json\/wp\/v2\/tribe_events\/2006\/revisions\/2008"}],"wp:featuredmedia":[{"embeddable":true,"href":"https:\/\/www.ecofolies.fr\/index.php\/wp-json\/wp\/v2\/media\/2007"}],"wp:attachment":[{"href":"https:\/\/www.ecofolies.fr\/index.php\/wp-json\/wp\/v2\/media?parent=2006"}],"wp:term":[{"taxonomy":"post_tag","embeddable":true,"href":"https:\/\/www.ecofolies.fr\/index.php\/wp-json\/wp\/v2\/tags?post=2006"},{"taxonomy":"tribe_events_cat","embeddable":true,"href":"https:\/\/www.ecofolies.fr\/index.php\/wp-json\/wp\/v2\/tribe_events_cat?post=2006"}],"curies":[{"name":"wp","href":"https:\/\/api.w.org\/{rel}","templated":true}]}}

Journée au jardin

<p class="cvGsUA block-font-kerning-none block-font-feature-liga-off block-font-feature-clig-off block-font-feature-calt-off direction-ltr align-center"><span class="a_GcMg font-feature-liga-off font-feature-clig-off font-feature-calt-off text-decoration-none text-strikethrough-none">Vous aimez jardiner ? Pas besoin d’avoir nécessairement la main verte pour rejoindre l’équipe des bénévoles du jardin pédagogique. Outils à disposition. Pique-nique partagé. Bonne humeur garantie. Venez nombreux-ses !</span></p>
<p class="cvGsUA block-font-kerning-none block-font-feature-liga-off block-font-feature-clig-off block-font-feature-calt-off direction-ltr align-center"><span class="a_GcMg font-feature-liga-off font-feature-clig-off font-feature-calt-off text-decoration-none text-strikethrough-none">Gratuit &#8211; Ouvert à tous.</span></p>

<p>Vous aimez jardiner ? Pas besoin d’avoir nécessairement la main verte pour rejoindre l’équipe des bénévoles du jardin pédagogique. Outils à disposition. Pique-nique partagé. Bonne humeur garantie. Venez nombreux-ses ! [&hellip;]</p>
