{"id":2009,"date":"2026-08-31T17:50:17","date_gmt":"2026-08-31T15:50:17","guid":{"rendered":"https:\/\/www.ecofolies.fr\/?post_type=tribe_events&#038;p=2009"},"modified":"2026-08-31T17:50:17","modified_gmt":"2026-08-31T15:50:17","slug":"soiree-celtoween","status":"publish","type":"tribe_events","link":"https:\/\/www.ecofolies.fr\/index.php\/evenements\/soiree-celtoween\/","title":{"rendered":"Soir\u00e9e Celtoween"},"content":{"rendered":"<p class=\"cvGsUA block-font-kerning-none block-font-feature-liga-off block-font-feature-clig-off block-font-feature-calt-off direction-ltr align-center\"><span class=\"a_GcMg font-feature-liga-off font-feature-clig-off font-feature-calt-off text-decoration-none text-strikethrough-none\">Pour la premi\u00e8re fois, Ecofolies propose une soir\u00e9e Celtoween : c\u2019est une alternative \u00e0 Halloween, bas\u00e9e sur les origines r\u00e9elles de cette tradition celte.<\/span><\/p>\n<ul>\n<li class=\"cvGsUA block-font-kerning-none block-font-feature-liga-off block-font-feature-clig-off block-font-feature-calt-off direction-ltr align-center\"><span class=\"a_GcMg font-feature-liga-off font-feature-clig-off font-feature-calt-off text-decoration-none text-strikethrough-none\">De 16h \u00e0 18h, atelier cuisine autour de la courge.<\/span><\/li>\n<li class=\"cvGsUA block-font-kerning-none block-font-feature-liga-off block-font-feature-clig-off block-font-feature-calt-off direction-ltr align-center\"><span class=\"a_GcMg font-feature-liga-off font-feature-clig-off font-feature-calt-off text-decoration-none text-strikethrough-none\">A partir de 19h, un menu celte sera propos\u00e9 dans une ambiance festive et propice au partage de bonne humeur !<\/span><\/li>\n<\/ul>\n<p class=\"cvGsUA block-font-kerning-none block-font-feature-liga-off block-font-feature-clig-off block-font-feature-calt-off direction-ltr align-center\"><span class=\"a_GcMg font-feature-liga-off font-feature-clig-off font-feature-calt-off text-decoration-none text-strikethrough-none\">Atelier : Participation libre &#8211; Repas : payant selon vos consommations<\/span><\/p>\n<p class=\"cvGsUA block-font-kerning-none block-font-feature-liga-off block-font-feature-clig-off block-font-feature-calt-off direction-ltr align-center\"><span class=\"a_GcMg font-feature-liga-off font-feature-clig-off font-feature-calt-off text-decoration-none text-strikethrough-none\">Sur place ou inscription en envoyant un simple mail \u00e0 ecofolies@gmail.com<\/span><\/p>\n","protected":false},"excerpt":{"rendered":"<p>Pour la premi\u00e8re fois, Ecofolies propose une soir\u00e9e Celtoween : c\u2019est une alternative \u00e0 Halloween, bas\u00e9e sur les origines r\u00e9elles de cette tradition celte. De 16h \u00e0 18h, atelier cuisine [&hellip;]<\/p>\n","protected":false},"author":1,"featured_media":0,"template":"","meta":{"_tribe_events_status":"","_tribe_events_status_reason":"","footnotes":""},"tags":[],"tribe_events_cat":[14,13],"class_list":["post-2009","tribe_events","type-tribe_events","status-publish","hentry","tribe_events_cat-cuisine-durable-et-nourriciere","tribe_events_cat-festif","cat_cuisine-durable-et-nourriciere","cat_festif"],"_links":{"self":[{"href":"https:\/\/www.ecofolies.fr\/index.php\/wp-json\/wp\/v2\/tribe_events\/2009","targetHints":{"allow":["GET"]}}],"collection":[{"href":"https:\/\/www.ecofolies.fr\/index.php\/wp-json\/wp\/v2\/tribe_events"}],"about":[{"href":"https:\/\/www.ecofolies.fr\/index.php\/wp-json\/wp\/v2\/types\/tribe_events"}],"author":[{"embeddable":true,"href":"https:\/\/www.ecofolies.fr\/index.php\/wp-json\/wp\/v2\/users\/1"}],"version-history":[{"count":1,"href":"https:\/\/www.ecofolies.fr\/index.php\/wp-json\/wp\/v2\/tribe_events\/2009\/revisions"}],"predecessor-version":[{"id":2010,"href":"https:\/\/www.ecofolies.fr\/index.php\/wp-json\/wp\/v2\/tribe_events\/2009\/revisions\/2010"}],"wp:attachment":[{"href":"https:\/\/www.ecofolies.fr\/index.php\/wp-json\/wp\/v2\/media?parent=2009"}],"wp:term":[{"taxonomy":"post_tag","embeddable":true,"href":"https:\/\/www.ecofolies.fr\/index.php\/wp-json\/wp\/v2\/tags?post=2009"},{"taxonomy":"tribe_events_cat","embeddable":true,"href":"https:\/\/www.ecofolies.fr\/index.php\/wp-json\/wp\/v2\/tribe_events_cat?post=2009"}],"curies":[{"name":"wp","href":"https:\/\/api.w.org\/{rel}","templated":true}]}}

Soirée Celtoween

<p class="cvGsUA block-font-kerning-none block-font-feature-liga-off block-font-feature-clig-off block-font-feature-calt-off direction-ltr align-center"><span class="a_GcMg font-feature-liga-off font-feature-clig-off font-feature-calt-off text-decoration-none text-strikethrough-none">Pour la première fois, Ecofolies propose une soirée Celtoween : c’est une alternative à Halloween, basée sur les origines réelles de cette tradition celte.</span></p>
<ul>
<li class="cvGsUA block-font-kerning-none block-font-feature-liga-off block-font-feature-clig-off block-font-feature-calt-off direction-ltr align-center"><span class="a_GcMg font-feature-liga-off font-feature-clig-off font-feature-calt-off text-decoration-none text-strikethrough-none">De 16h à 18h, atelier cuisine autour de la courge.</span></li>
<li class="cvGsUA block-font-kerning-none block-font-feature-liga-off block-font-feature-clig-off block-font-feature-calt-off direction-ltr align-center"><span class="a_GcMg font-feature-liga-off font-feature-clig-off font-feature-calt-off text-decoration-none text-strikethrough-none">A partir de 19h, un menu celte sera proposé dans une ambiance festive et propice au partage de bonne humeur !</span></li>
</ul>
<p class="cvGsUA block-font-kerning-none block-font-feature-liga-off block-font-feature-clig-off block-font-feature-calt-off direction-ltr align-center"><span class="a_GcMg font-feature-liga-off font-feature-clig-off font-feature-calt-off text-decoration-none text-strikethrough-none">Atelier : Participation libre &#8211; Repas : payant selon vos consommations</span></p>
<p class="cvGsUA block-font-kerning-none block-font-feature-liga-off block-font-feature-clig-off block-font-feature-calt-off direction-ltr align-center"><span class="a_GcMg font-feature-liga-off font-feature-clig-off font-feature-calt-off text-decoration-none text-strikethrough-none">Sur place ou inscription en envoyant un simple mail à ecofolies@gmail.com</span></p>

<p>Pour la première fois, Ecofolies propose une soirée Celtoween : c’est une alternative à Halloween, basée sur les origines réelles de cette tradition celte. De 16h à 18h, atelier cuisine [&hellip;]</p>
