{"id":2020,"date":"2026-08-31T18:00:10","date_gmt":"2026-08-31T16:00:10","guid":{"rendered":"https:\/\/www.ecofolies.fr\/?post_type=tribe_events&#038;p=2020"},"modified":"2026-08-31T18:00:10","modified_gmt":"2026-08-31T16:00:10","slug":"marche-de-noel-avec-les-commercants-de-ste-pazanne","status":"publish","type":"tribe_events","link":"https:\/\/www.ecofolies.fr\/index.php\/evenements\/marche-de-noel-avec-les-commercants-de-ste-pazanne\/","title":{"rendered":"March\u00e9 de No\u00ebl avec les commer\u00e7ants de Ste Pazanne"},"content":{"rendered":"<p class=\"cvGsUA block-font-kerning-none block-font-feature-liga-off block-font-feature-clig-off block-font-feature-calt-off direction-ltr align-center\"><span class=\"a_GcMg font-feature-liga-off font-feature-clig-off font-feature-calt-off text-decoration-none text-strikethrough-none\">March\u00e9 de No\u00ebl<\/span><span class=\"a_GcMg font-feature-liga-off font-feature-clig-off font-feature-calt-off text-decoration-none text-strikethrough-none\"> avec les commer\u00e7ants pazenais.<\/span><\/p>\n<p>D\u00e9tails bient\u00f4t sur cette page.<\/p>\n<p class=\"cvGsUA block-font-kerning-none block-font-feature-liga-off block-font-feature-clig-off block-font-feature-calt-off direction-ltr align-center\"><span class=\"a_GcMg font-feature-liga-off font-feature-clig-off font-feature-calt-off text-decoration-none text-strikethrough-none\">Ouvert \u00e0 tous.<\/span><\/p>\n","protected":false},"excerpt":{"rendered":"<p>March\u00e9 de No\u00ebl avec les commer\u00e7ants pazenais. D\u00e9tails bient\u00f4t sur cette page. Ouvert \u00e0 tous.<\/p>\n","protected":false},"author":1,"featured_media":0,"template":"","meta":{"_tribe_events_status":"","_tribe_events_status_reason":"","footnotes":""},"tags":[],"tribe_events_cat":[13],"class_list":["post-2020","tribe_events","type-tribe_events","status-publish","hentry","tribe_events_cat-festif","cat_festif"],"_links":{"self":[{"href":"https:\/\/www.ecofolies.fr\/index.php\/wp-json\/wp\/v2\/tribe_events\/2020","targetHints":{"allow":["GET"]}}],"collection":[{"href":"https:\/\/www.ecofolies.fr\/index.php\/wp-json\/wp\/v2\/tribe_events"}],"about":[{"href":"https:\/\/www.ecofolies.fr\/index.php\/wp-json\/wp\/v2\/types\/tribe_events"}],"author":[{"embeddable":true,"href":"https:\/\/www.ecofolies.fr\/index.php\/wp-json\/wp\/v2\/users\/1"}],"version-history":[{"count":1,"href":"https:\/\/www.ecofolies.fr\/index.php\/wp-json\/wp\/v2\/tribe_events\/2020\/revisions"}],"predecessor-version":[{"id":2021,"href":"https:\/\/www.ecofolies.fr\/index.php\/wp-json\/wp\/v2\/tribe_events\/2020\/revisions\/2021"}],"wp:attachment":[{"href":"https:\/\/www.ecofolies.fr\/index.php\/wp-json\/wp\/v2\/media?parent=2020"}],"wp:term":[{"taxonomy":"post_tag","embeddable":true,"href":"https:\/\/www.ecofolies.fr\/index.php\/wp-json\/wp\/v2\/tags?post=2020"},{"taxonomy":"tribe_events_cat","embeddable":true,"href":"https:\/\/www.ecofolies.fr\/index.php\/wp-json\/wp\/v2\/tribe_events_cat?post=2020"}],"curies":[{"name":"wp","href":"https:\/\/api.w.org\/{rel}","templated":true}]}}

Marché de Noël avec les commerçants de Ste Pazanne

<p class="cvGsUA block-font-kerning-none block-font-feature-liga-off block-font-feature-clig-off block-font-feature-calt-off direction-ltr align-center"><span class="a_GcMg font-feature-liga-off font-feature-clig-off font-feature-calt-off text-decoration-none text-strikethrough-none">Marché de Noël</span><span class="a_GcMg font-feature-liga-off font-feature-clig-off font-feature-calt-off text-decoration-none text-strikethrough-none"> avec les commerçants pazenais.</span></p>
<p>Détails bientôt sur cette page.</p>
<p class="cvGsUA block-font-kerning-none block-font-feature-liga-off block-font-feature-clig-off block-font-feature-calt-off direction-ltr align-center"><span class="a_GcMg font-feature-liga-off font-feature-clig-off font-feature-calt-off text-decoration-none text-strikethrough-none">Ouvert à tous.</span></p>

<p>Marché de Noël avec les commerçants pazenais. Détails bientôt sur cette page. Ouvert à tous.</p>
