{"id":2022,"date":"2026-08-31T18:01:30","date_gmt":"2026-08-31T16:01:30","guid":{"rendered":"https:\/\/www.ecofolies.fr\/?post_type=tribe_events&#038;p=2022"},"modified":"2026-08-31T18:01:30","modified_gmt":"2026-08-31T16:01:30","slug":"repas-et-concert-a-la-bougie","status":"publish","type":"tribe_events","link":"https:\/\/www.ecofolies.fr\/index.php\/evenements\/repas-et-concert-a-la-bougie\/","title":{"rendered":"Repas et concert \u00e0 la bougie"},"content":{"rendered":"<p class=\"cvGsUA block-font-kerning-none block-font-feature-liga-off block-font-feature-clig-off block-font-feature-calt-off direction-ltr align-center\"><span class=\"a_GcMg font-feature-liga-off font-feature-clig-off font-feature-calt-off text-decoration-none text-strikethrough-none\">Dans une ambiance magique, venez profiter du concert et des bons petits plats de la Ferme.<\/span><\/p>\n<p class=\"cvGsUA block-font-kerning-none block-font-feature-liga-off block-font-feature-clig-off block-font-feature-calt-off direction-ltr align-center\"><span class=\"a_GcMg font-feature-liga-off font-feature-clig-off font-feature-calt-off text-decoration-none text-strikethrough-none\">Concert de Gabriel Saglio<\/span> <span class=\"a_GcMg font-feature-liga-off font-feature-clig-off font-feature-calt-off text-decoration-none text-strikethrough-none\">\u201c\u00e0 la bougie\u201d : Dans une lumi\u00e8re intime, entour\u00e9s d\u2019une jolie nu\u00e9e de bougies, 3 musiciens, chant, clarinette, guitare, vous proposent un concert folk et po\u00e9tique \u00e0 20h.<\/span><\/p>\n<p class=\"cvGsUA block-font-kerning-none block-font-feature-liga-off block-font-feature-clig-off block-font-feature-calt-off direction-ltr align-center\"><span class=\"a_GcMg font-feature-liga-off font-feature-clig-off font-feature-calt-off text-decoration-none text-strikethrough-none\">Restauration et bar sur place d\u00e8s 19h.<\/span><\/p>\n<p class=\"cvGsUA block-font-kerning-none block-font-feature-liga-off block-font-feature-clig-off block-font-feature-calt-off direction-ltr align-center\"><span class=\"a_GcMg font-feature-liga-off font-feature-clig-off font-feature-calt-off text-decoration-none text-strikethrough-none\">Sur inscription en envoyant un simple mail \u00e0 ecofolies@gmail.com. 15\u20ac\/adulte et 10\u20ac\/enfant de &#8211; 10 ans (incluant 1 plat et l\u2019entr\u00e9e au concert).<\/span><\/p>\n","protected":false},"excerpt":{"rendered":"<p>Dans une ambiance magique, venez profiter du concert et des bons petits plats de la Ferme. Concert de Gabriel Saglio \u201c\u00e0 la bougie\u201d : Dans une lumi\u00e8re intime, entour\u00e9s d\u2019une [&hellip;]<\/p>\n","protected":false},"author":1,"featured_media":0,"template":"","meta":{"_tribe_events_status":"","_tribe_events_status_reason":"","footnotes":""},"tags":[],"tribe_events_cat":[14,13],"class_list":["post-2022","tribe_events","type-tribe_events","status-publish","hentry","tribe_events_cat-cuisine-durable-et-nourriciere","tribe_events_cat-festif","cat_cuisine-durable-et-nourriciere","cat_festif"],"_links":{"self":[{"href":"https:\/\/www.ecofolies.fr\/index.php\/wp-json\/wp\/v2\/tribe_events\/2022","targetHints":{"allow":["GET"]}}],"collection":[{"href":"https:\/\/www.ecofolies.fr\/index.php\/wp-json\/wp\/v2\/tribe_events"}],"about":[{"href":"https:\/\/www.ecofolies.fr\/index.php\/wp-json\/wp\/v2\/types\/tribe_events"}],"author":[{"embeddable":true,"href":"https:\/\/www.ecofolies.fr\/index.php\/wp-json\/wp\/v2\/users\/1"}],"version-history":[{"count":1,"href":"https:\/\/www.ecofolies.fr\/index.php\/wp-json\/wp\/v2\/tribe_events\/2022\/revisions"}],"predecessor-version":[{"id":2023,"href":"https:\/\/www.ecofolies.fr\/index.php\/wp-json\/wp\/v2\/tribe_events\/2022\/revisions\/2023"}],"wp:attachment":[{"href":"https:\/\/www.ecofolies.fr\/index.php\/wp-json\/wp\/v2\/media?parent=2022"}],"wp:term":[{"taxonomy":"post_tag","embeddable":true,"href":"https:\/\/www.ecofolies.fr\/index.php\/wp-json\/wp\/v2\/tags?post=2022"},{"taxonomy":"tribe_events_cat","embeddable":true,"href":"https:\/\/www.ecofolies.fr\/index.php\/wp-json\/wp\/v2\/tribe_events_cat?post=2022"}],"curies":[{"name":"wp","href":"https:\/\/api.w.org\/{rel}","templated":true}]}}

Repas et concert à la bougie

<p class="cvGsUA block-font-kerning-none block-font-feature-liga-off block-font-feature-clig-off block-font-feature-calt-off direction-ltr align-center"><span class="a_GcMg font-feature-liga-off font-feature-clig-off font-feature-calt-off text-decoration-none text-strikethrough-none">Dans une ambiance magique, venez profiter du concert et des bons petits plats de la Ferme.</span></p>
<p class="cvGsUA block-font-kerning-none block-font-feature-liga-off block-font-feature-clig-off block-font-feature-calt-off direction-ltr align-center"><span class="a_GcMg font-feature-liga-off font-feature-clig-off font-feature-calt-off text-decoration-none text-strikethrough-none">Concert de Gabriel Saglio</span> <span class="a_GcMg font-feature-liga-off font-feature-clig-off font-feature-calt-off text-decoration-none text-strikethrough-none">“à la bougie” : Dans une lumière intime, entourés d’une jolie nuée de bougies, 3 musiciens, chant, clarinette, guitare, vous proposent un concert folk et poétique à 20h.</span></p>
<p class="cvGsUA block-font-kerning-none block-font-feature-liga-off block-font-feature-clig-off block-font-feature-calt-off direction-ltr align-center"><span class="a_GcMg font-feature-liga-off font-feature-clig-off font-feature-calt-off text-decoration-none text-strikethrough-none">Restauration et bar sur place dès 19h.</span></p>
<p class="cvGsUA block-font-kerning-none block-font-feature-liga-off block-font-feature-clig-off block-font-feature-calt-off direction-ltr align-center"><span class="a_GcMg font-feature-liga-off font-feature-clig-off font-feature-calt-off text-decoration-none text-strikethrough-none">Sur inscription en envoyant un simple mail à ecofolies@gmail.com. 15€/adulte et 10€/enfant de &#8211; 10 ans (incluant 1 plat et l’entrée au concert).</span></p>

<p>Dans une ambiance magique, venez profiter du concert et des bons petits plats de la Ferme. Concert de Gabriel Saglio “à la bougie” : Dans une lumière intime, entourés d’une [&hellip;]</p>
